w**3 - 7*w**2 - 8*w - 13. Let x be z(-3). Determine a(x).
41
Suppose -482*u + 3926 = -633*u. Let v(h) = h**3 + 27*h**2 + 22*h - 60. Give v(u).
44
Let i(b) = -5*b**2 + 8*b + 2. Suppose -2*q + 3*q + 3 = f, -5*f + 20 = 0. Let n(v) = -2*v**2 - v + 2. Let g(m) = q*i(m) - 2*n(m). Calculate g(10).
-2
Suppose -14*f - 4*f = 573 - 645. Let p(s) be the third derivative of 0 + 0*s + 0*s**3 + 16*s**2 - 7/24*s**f. What is p(2)?
-14
Let y(z) = 14*z + 13. Let p be ((-20)/(-5))/((-72)/108). Calculate y(p).
-71
Let d be 2*(2 - (2 - -2)). Let i(x) = -3264*x - 3252*x - 3262*x + 9776*x - 6. Determine i(d).
2
Let q(f) = f**2 - 6*f + 7. Let u(x) = 5*x**3 - 3*x**2 - 3*x + 4. Let c be u(1). Let s(a) = a**2 - 7*a + 9. Let j(k) = c*q(k) - 2*s(k). What is j(2)?
-1
Let q(l) = 2*l**2 + 43*l + 24. Let v be q(-21). Let k(p) = v*p**2 - 4*p**2 - 15 - 51*p + 0 + 0*p**2 + 61*p. Give k(7).
6
Let d be 3 + 60/(-40)*(-2)/(-3). Let h(y) = y**3 - 13*y**2 - 10 + 14*y**d + y + 15. What is h(0)?
5
Let p(c) = -c + 4. Let i be (-90)/(-12)*(-4)/(-10). Suppose -6*s + 6 = -i*s. Suppose 0 = -s*r + 3*r - 8. What is p(r)?
-4
Let a(k) = k**3 - 16*k**2 + 18*k - 17. Let s be 24/(-64)*-8*5. Determine a(s).
28
Suppose -3*p + 20 = 3*m - m, 50 = 4*p - 2*m. Let g(w) = 20*w - 200. Let c be g(p). Let l(t) = t**3 - 2*t + 6. Determine l(c).
6
Suppose 4*x = 7*x + 2*x. Suppose -17 = -4*s - 0*s - 3*f, x = 2*s - 4*f - 36. Let t(j) = 2*j + 9. Determine t(s).
25
Let k(y) = -6*y**3 - y - 1. Let t(r) = -17*r**3 - 4*r**2 - 12*r + 18. Let v(o) = -3*k(o) + t(o). Determine v(5).
1
Let h(a) = -2*a**2 + 43*a - 223. Let u be h(8). Let f(x) = -7*x - 52. What is f(u)?
-3
Let u(g) = -g**3 - 7*g**2 - 7*g. Let c = 7392 + -7397. Give u(c).
-15
Let x(h) = -18*h - 19. Let q(m) = 28*m + 28. Suppose -6*y = -10*y + 5*v + 52, 20 = 2*y - v. Let b(k) = y*x(k) + 5*q(k). Determine b(-9).
24
Suppose -6*f = -2*f - 16. Let i(d) = 0*d + 199 + 224 - 425 + 7*d. Determine i(f).
26
Let r(i) = -4*i - 5*i + i + i - 5*i**2 + 8 + 6*i**2. Determine r(5).
-2
Let a(j) = 14*j + 30. Suppose -k = 3*y - 19, -2*y = -k - 13 - 3. Determine a(k).
2
Let a(g) = g**3 + 12*g**2 + 6*g + 76. Suppose 188*m = 275*m + 1044. Calculate a(m).
4
Let t(q) be the second derivative of -q**5/20 - q**4/4 + 5*q**3/2 + 11*q**2/2 - 5*q - 370. What is t(-5)?
-14
Let y(b) = -5110 + 5*b**2 - 8*b + 5110 - 12*b**2 - b**3 - b. Let s = -15 + 9. Calculate y(s).
18
Let q(d) = 521*d**2 + d**3 + 531*d**2 - 7*d - 1054*d**2 + 1. Determine q(5).
41
Let g(l) = -7*l + 122. Let t be g(5). Let p(u) = 3 - 50*u**2 - u**3 - 90*u + t*u + 50*u**2. Calculate p(2).
-11
Let t(c) = -c**3 - 6*c**2 - 4*c - 3. Suppose 4*b = -3*a + 3 + 4, 4*b + 4*a - 8 = 0. Suppose -9*j + b = 46. Give t(j).
-8
Let x(d) = -d**2 + 8*d + 7. Let a(p) = 5*p**2 - 32*p - 29. Let y(z) = 2*a(z) + 9*x(z). Let r(k) = k**2 + 8*k - 6. Let n be r(-9). Let q = -11 + n. Give y(q).
5
Let n be (-13 - (9 + -19))*8/(-12). Let s(r) = 3*r**3 - 5*r**2 + 6*r - 2. What is s(n)?
14
Let c(g) = g**3 + 9*g**2 - 2*g + 1. Let h(w) = -w**3 - 17*w**2 + 2*w - 59. Let f(b) = 2*c(b) + h(b). Give f(0).
-57
Let d(y) = y**2 - 32. Let h be (-1 + -6)*12/(-14). Let c be d(h). Let t(v) = -v - 13*v**2 - v**3 - 14*v**2 + c*v**3 + 25*v**2. Determine t(-1).
-4
Let d(g) be the first derivative of 1/2*g**2 - 1/4*g**4 + 13*g - 3*g**3 - 5. Determine d(-9).
4
Let t(p) = -57 - 73 - 2*p + 97. What is t(-13)?
-7
Suppose -57 = -3*o + 6*s, 7*s = -o + 3*s - 17. Let v(x) = x**3 - 8*x**2 - 3*x + 8. Calculate v(o).
-62
Let l(m) = -19*m**3 + 1. Let t(o) = 39*o**3 + 8*o**2 + 4*o + 7. Let d(n) = -2*l(n) - t(n). What is d(-6)?
-57
Let u be (2/(-3))/(0 + 22/(-231)). Let z be 12/28 + (-3)/7 + u. Let g(w) = w**3 - 6*w**2 - 6*w - 3. Give g(z).
4
Suppose -3*g + 3*c - 51 = 0, -g + 2*g + 1 = -3*c. Let z(j) = -3*j**2 - 16*j - 37. Let t(a) = a**2 + 2*a + 21. Let d(s) = -2*t(s) - z(s). What is d(g)?
8
Let y = 167 - 118. Let l(g) = -y - 4*g + 52 + 0. What is l(-3)?
15
Suppose 39 = h - 7*h - 3. Let l(n) = 2*n**3 + 12*n**2 - 15*n + 3. Determine l(h).
10
Let s(u) be the second derivative of u**4/6 + u**3/3 - 7*u**2/2 + 2017*u. Let b(q) = -3*q**2 + q - 1. Let t be b(1). Let k be s(t). Let d(p) = p - 3. Give d(k).
2
Let h be (-1)/(2/(-4)) - (-17)/17. Let c(z) = 0*z + h - z - 3*z + 7*z. Let w(v) = -10*v + 24. Let o be w(3). Calculate c(o).
-15
Let n(d) = 0*d**2 + 5 + d**3 + 2*d**2 - 3*d - d**2 - 6*d**2. Let w be (-30)/70 + -3*(-45)/21. Give n(w).
23
Let l(u) = -u**2 - 15*u - 30. Suppose 3*c - 4*w + 676 = 661, -43 = c + 5*w. Give l(c).
-4
Let y(i) = -8*i**2 + 26 + 7*i**2 + i**3 + 7*i**2 + 16*i - 3*i**2 + 6*i**2. Give y(-7).
12
Let i = -26925 - -26918. Let v(h) = -7*h**2 + 16*h - 12. Let z(n) = 3*n**2 - 8*n + 6. Let s(u) = 4*v(u) + 9*z(u). Give s(i).
13
Suppose -103*f + 94*f + 216 = 0. Let k(n) = n**2 - 11*n - 314. Let d be k(f). Let m(r) = 7*r - 1. Give m(d).
-15
Let j(u) be the second derivative of u**4/12 - 49*u**3/6 + 349*u**2/2 + 1237*u + 3. What is j(9)?
-11
Let b(z) = 2*z**2 - 4*z + 3. Let t(k) = k**3 - k + 2. Let c = -41 + 41. Let v be (0 + 3/6)*c. Let m be t(v). What is b(m)?
3
Suppose -21 = -3*s - 6, -4*y + 3*s + 9 = 0. Let p(f) = f + 3. Calculate p(y).
9
Let y(s) be the third derivative of 1/6*s**4 + 0*s - 1/3*s**3 + 0 + 13*s**2. What is y(-2)?
-10
Let f(d) = 23*d - 163. Let b(c) = 68*c - 512. Let g(p) = -2*b(p) + 7*f(p). Determine g(5).
8
Let g(d) = 11*d + 28. Let t(r) = -6*r - 14. Let k be ((-2958)/36)/29 - (-2)/(-12). Let b(q) = k*g(q) - 5*t(q). Give b(-10).
16
Let h(g) = -g**2 - 3*g. Let f = -61 + 74. Suppose -2*w = -t - 31, -5*w + t + 40 = -36. Suppose 8 = -w*u + f*u. What is h(u)?
-4
Let j(s) = -7*s**3 - 29*s**2 + 7*s - 14. Let a(p) = -5*p**3 - 23*p**2 + 8*p - 12. Let u(t) = -4*a(t) + 3*j(t). Calculate u(6).
-96
Suppose -2*j + 6*j = 16. Suppose 2*k + 3*w - 5 = -3*k, 5*k = -4*w + 5. Let v be (6 - (j + -3)*k) + 0. Let z(b) = -2*b + 1. Determine z(v).
-9
Let m(q) = 2*q - 11. Let o(b) = b**2 + 6*b - 360. Let n be o(-22). Calculate m(n).
-27
Let b(y) = y**2 - 66*y - 1038. Let d be b(-13). Let h(o) = -o - 11. Calculate h(d).
0
Suppose 5*c - 2*q - 2*q = 45, -2*c + q = -21. Let b(f) = -4*f - 11. Let z(g) = -9*g - 23. Let w(t) = c*b(t) - 6*z(t). What is w(4)?
3
Let q(j) be the third derivative of j**6/60 - j**5/30 - j**4/12 + 7*j**3/6 + 80*j**2 - 2*j. Calculate q(2).
11
Let s(w) = 25*w + 60. Let t(q) = -5*q - 20. Let u(g) = 2*s(g) + 7*t(g). Determine u(1).
-5
Let k(l) = -l**2 + l. Let i be 1/5 + 2356/95. Suppose 3*z + 15*g + i = 11*g, 2*z = 4*g + 10. Determine k(z).
-12
Let b(c) = 5*c - 93. Let k(p) = -p - 4. Let m(y) = -b(y) + 6*k(y). Calculate m(7).
-8
Let j(k) = -4*k**2 + 6*k - 3. Suppose 416 + 264 = 170*i. Determine j(i).
-43
Let b(j) = j**2 - 16*j + 47. Let p(z) = z**2 - 15*z + 47. Let c(a) = -5*b(a) + 4*p(a). Let l be c(17). Let n(d) = 33 + 0*d - d - 41 + 2*d. Determine n(l).
-4
Let i(j) = -5*j**3 + j. Let w be i(1). Let t be (-5 - (w + 1)) + 4. Let y(r) = 6 + 0 + 2*r**t + 9*r + 9*r**3 + 6*r**2 - 8*r**3. What is y(-7)?
-8
Let r(a) = -2*a + a**2 + 15 + 7*a**2 - 3*a**2 - 4*a**2. Let v(n) = n**2 - 2*n + 13. Let d(m) = -6*r(m) + 7*v(m). Determine d(-2).
9
Let b(v) = 5*v + 98. Let w(f) = -4*f - 64. Let j(r) = 2*b(r) + 3*w(r). Calculate j(9).
-14
Let m(w) = -w**2 + 15*w + 19. Suppose -36*z + 33*z = 0. Suppose -5*f + 70 = 5*p, z = p + 14*f - 17*f - 22. What is m(p)?
3
Suppose 4965*j - 60 = 4971*j. Let h(u) be the second derivative of u**3/6 + 3*u**2 + 12*u. Give h(j).
-4
Let g(u) = -3*u**3 - 10*u**2 - 4*u - 53. Let r(f) = -2*f**3 - 7*f**2 - 3*f - 35. Let x(o) = 5*g(o) - 8*r(o). What is x(-6)?
-9
Suppose -19*p + 114 = 107 + 64. Let k(z) = 5*z**2 - 5*z - 7. Give k(p).
53
Let c(j) = j**3 + 7*j**2 + 6*j - 7. Let s(q) = -91*q**3 + q**2 + 3*q + 2. Let p be s(-1). Suppose -9*a = 145 - p. Calculate c(a).
-7
Let l(w) = 0*w - 4 + w + 4 + 6. Let i be l(-5). Let b(x) be the second derivative of -x**5/4 - x**3/3 + x**2/2 + 3013*x. Calculate b(i).
-6
Let l(i) = -10*i + 25. Let o be l(2). Suppose 47 = -o*t + 27. Let x(f) = f**3 + 6*f**2 + 3*f. What is x(t)?
20
Let k(u) = -u**2 - 11*u - 17. Let g be k(-7). Let a(h) = 24*h**2 + 4*h + 13. Let l(w) = 12*w**2 + 2*w + 7. Let d(b) = g*l(b) - 6*a(b). Give d(-1).
-11
Let h(l) = -40*l - 62. Let k be h(-5). Let s = k - 131. Let u(g) = -12 + s + 3*g + 0 + g**2 + 3*g. What is